{"id":689,"date":"2022-02-18T09:55:14","date_gmt":"2022-02-18T09:55:14","guid":{"rendered":"https:\/\/meyer-struthoff.de\/?page_id=689"},"modified":"2023-02-12T14:05:24","modified_gmt":"2023-02-12T14:05:24","slug":"direkt-buchen-2","status":"publish","type":"page","link":"https:\/\/meyer-struthoff.de\/?page_id=689","title":{"rendered":"Direkt buchen"},"content":{"rendered":"\n<p>Wir bieten Ihnen hier die M\u00f6glichkeit, ohne Zahlung einer sonst \u00fcblichen Vermittlungsgb\u00fchr von bis zu 20 % an die gro\u00dfen Portale, kosteng\u00fcnstig bei uns direkt zu buchen. <\/p>\n\n\n\n<p>Dies ist f\u00fcr Sie und f\u00fcr uns zwar etwas aufw\u00e4ndiger, lohnt sich aber.<br>Daf\u00fcr m\u00fcssen Sie auf jeden Fall unseren Algemeinen Gesch\u00e4ftsbedingungen zustimmen und die Zahlungsabwicklung selbst vornehmen.<\/p>\n\n\n\n<p>Wir bitten wir Sie daf\u00fcr, <a rel=\"noreferrer noopener\" href=\"https:\/\/meyer-struthoff.de\/?page_id=204\" target=\"_blank\">sich zun\u00e4chst unsere AGB&#8217;s anzusehen<\/a>, die Grundlage des Mietvertrages sind.<\/p>\n\n\n\n<p>Mit der folgenden Maske k\u00f6nnen Sie die Verf\u00fcgbarkeit f\u00fcr alle unsere Wohnungen abfragen. Ansonsten finden Sie die einzelnen Wohnungen im Kontextmenue.<\/p>\n\n\n\n<div id=\"apartmentIframeAll\">\n<script type=\"text\/javascript\" src=\"https:\/\/login.smoobu.com\/js\/Settings\/BookingToolIframe.js\"><\/script>\n<script>BookingToolIframe.initialize({\"url\": \"https:\/\/login.smoobu.com\/de\/booking-tool\/iframe\/125380\", \"baseUrl\": \"https:\/\/login.smoobu.com\", \"target\": \"#apartmentIframeAll\"})<\/script>\n<\/div>\n\n\n\n<p><\/p>\n","protected":false},"excerpt":{"rendered":"<p>Wir bieten Ihnen hier die M\u00f6glichkeit, ohne Zahlung einer sonst \u00fcblichen Vermittlungsgb\u00fchr von bis zu 20 % an die gro\u00dfen Portale, kosteng\u00fcnstig bei uns direkt zu buchen. Dies ist f\u00fcr Sie und f\u00fcr uns zwar etwas aufw\u00e4ndiger, lohnt sich aber.Daf\u00fcr m\u00fcssen Sie auf jeden Fall unseren Algemeinen Gesch\u00e4ftsbedingungen zustimmen und die Zahlungsabwicklung selbst vornehmen. Wir &hellip; <\/p>\n<p class=\"link-more\"><a href=\"https:\/\/meyer-struthoff.de\/?page_id=689\" class=\"more-link\"><span class=\"screen-reader-text\">\u201eDirekt buchen\u201c <\/span>weiterlesen<\/a><\/p>\n","protected":false},"author":1,"featured_media":0,"parent":0,"menu_order":0,"comment_status":"closed","ping_status":"closed","template":"","meta":{"footnotes":""},"class_list":["post-689","page","type-page","status-publish","hentry"],"_links":{"self":[{"href":"https:\/\/meyer-struthoff.de\/index.php?rest_route=\/wp\/v2\/pages\/689","targetHints":{"allow":["GET"]}}],"collection":[{"href":"https:\/\/meyer-struthoff.de\/index.php?rest_route=\/wp\/v2\/pages"}],"about":[{"href":"https:\/\/meyer-struthoff.de\/index.php?rest_route=\/wp\/v2\/types\/page"}],"author":[{"embeddable":true,"href":"https:\/\/meyer-struthoff.de\/index.php?rest_route=\/wp\/v2\/users\/1"}],"replies":[{"embeddable":true,"href":"https:\/\/meyer-struthoff.de\/index.php?rest_route=%2Fwp%2Fv2%2Fcomments&post=689"}],"version-history":[{"count":5,"href":"https:\/\/meyer-struthoff.de\/index.php?rest_route=\/wp\/v2\/pages\/689\/revisions"}],"predecessor-version":[{"id":817,"href":"https:\/\/meyer-struthoff.de\/index.php?rest_route=\/wp\/v2\/pages\/689\/revisions\/817"}],"wp:attachment":[{"href":"https:\/\/meyer-struthoff.de\/index.php?rest_route=%2Fwp%2Fv2%2Fmedia&parent=689"}],"curies":[{"name":"wp","href":"https:\/\/api.w.org\/{rel}","templated":true}]}}